(base 7) to base 13.
-89
What is 0 (base 10) in base 4?
0
Convert -12 (base 3) to base 5.
-10
6 (base 15) to base 14
6
-47 (base 12) to base 6
-131
What is -234 (base 6) in base 9?
-114
Convert 22 (base 3) to base 5.
13
What is -13 (base 15) in base 14?
-14
What is -a (base 13) in base 15?
-a
What is -5 (base 9) in base 13?
-5
What is 3 (base 9) in base 8?
3
Convert -332 (base 6) to base 7.
-242
Convert -2 (base 14) to base 8.
-2
What is 5 (base 11) in base 13?
5
-3 (base 13) to base 10
-3
What is 158 (base 9) in base 11?
112
Convert 1120 (base 3) to base 8.
52
-9 (base 14) to base 16
-9
Convert -1 (base 6) to base 16.
-1
What is 54 (base 6) in base 11?
31
What is -3 (base 10) in base 9?
-3
-23 (base 5) to base 13
-10
45 (base 6) to base 13
23
Convert -206 (base 7) to base 12.
-88
Convert 42 (base 9) to base 10.
38
What is 54 (base 9) in base 3?
1211
What is 0 (base 16) in base 11?
0
4 (base 13) to base 12
4
What is 3 (base 7) in base 10?
3
12 (base 10) to base 13
c
Convert 3 (base 9) to base 8.
3
What is 40 (base 5) in base 16?
14
-3 (base 16) to base 7
-3
What is 1 (base 11) in base 6?
1
70 (base 9) to base 7
120
-10001000 (base 2) to base 9
-161
4 (base 5) to base 2
100
What is 3 (base 13) in base 2?
11
-406 (base 8) to base 4
-10012
What is -11 (base 2) in base 7?
-3
Convert 10 (base 8) to base 2.
1000
Convert -101000010 (base 2) to base 8.
-502
What is -1 (base 4) in base 5?
-1
-101 (base 3) to base 6
-14
What is -332 (base 6) in base 10?
-128
What is -6 (base 10) in base 6?
-10
85 (base 10) to base 3
10011
-1 (base 6) to base 12
-1
Convert -2 (base 4) to base 12.
-2
What is 110110 (base 2) in base 13?
42
Convert -10 (base 2) to base 3.
-2
Convert 8 (base 14) to base 3.
22
Convert -10 (base 2) to base 5.
-2
Convert 0 (base 12) to base 13.
0
What is 0 (base 5) in base 10?
0
Convert 18 (base 16) to base 14.
1a
-18 (base 9) to base 15
-12
1 (base 7) to base 9
1
112 (base 3) to base 16
e
Convert 13 (base 6) to base 14.
9
-293 (base 10) to base 3
-101212
What is 65 (base 15) in base 6?
235
What is -106 (base 9) in base 4?
-1113
What is 11 (base 9) in base 2?
1010
a3 (base 14) to base 4
2033
What is -100001101 (base 2) in base 15?
-12e
Convert 2 (base 7) to base 16.
2
Convert -4 (base 9) to base 10.
-4
Convert -aa (base 14) to base 6.
-410
What is -53 (base 16) in base 11?
-76
-e (base 15) to base 9
-15
What is 0 (base 3) in base 13?
0
-2 (base 12) to base 14
-2
Convert 16 (base 13) to base 5.
34
What is -3 (base 11) in base 5?
-3
What is -50 (base 15) in base 3?
-2210
Convert -9e (base 15) to base 3.
-12112
Convert -3 (base 6) to base 2.
-11
What is -110 (base 6) in base 4?
-222
11 (base 3) to base 16
4
Convert 8 (base 14) to base 2.
1000
4 (base 12) to base 3
11
24 (base 9) to base 7
31
Convert -a (base 14) to base 3.
-101
What is -209 (base 10) in base 15?
-de
-a (base 11) to base 13
-a
Convert -32 (base 12) to base 5.
-123
0 (base 8) to base 12
0
What is -44 (base 8) in base 14?
-28
-3 (base 13) to base 4
-3
Convert 44 (base 5) to base 2.
11000
What is -3 (base 14) in base 13?
-3
2 (base 10) to base 5
2
83 (base 16) to base 10
131
Convert -1021 (base 6) to base 14.
-125
What is 30 (base 14) in base 10?
42
What is -3102 (base 4) in base 11?
-181
Convert -10 (base 16) to base 10.
-16
Convert 2 (base 11) to base 8.
2
-135 (base 6) to base 12
-4b
-11 (base 9) to base 11
-a
Convert 3 (base 10) to base 9.
3
What is -45 (base 8) in base 16?
-25
-3 (base 11) to base 5
-3
What is 32 (base 13) in base 12?
35
Convert -140 (base 9) to base 7.
-225
0 (base 3) to base 6
0
-45 (base 8) to base 15
-27
What is -6 (base 13) in base 8?
-6
6 (base 14) to base 4
12
What is -11 (base 2) in base 14?
-3
Convert -14 (base 10) to base 12.
-12
4 (base 6) to base 5
4
What is -15 (base 11) in base 3?
-121
What is 15 (base 11) in base 5?
31
105 (base 8) to base 5
234
-34 (base 6) to base 12
-1a
Convert -43 (base 6) to base 14.
-1d
Convert -1 (base 16) to base 6.
-1
-21 (base 16) to base 7
-45
Convert -65 (base 9) to base 6.
-135
What is -1110011 (base 2) in base 10?
-115
45 (base 11) to base 3
1211
What is 1 (base 6) in base 3?
1
What is -d0 (base 16) in base 3?
-21201
Convert 9d (base 14) to base 6.
351
What is -da (base 14) in base 5?
-1232
What is -a (base 16) in base 6?
-14
What is 69 (base 15) in base 6?
243
Convert be (base 16) to base 2.
10111110
What is 1c (base 15) in base 7?
36
-7a (base 13) to base 15
-6b
Convert a (base 14) to base 6.
14
What is -1 (base 13) in base 11?
-1
-11 (base 2) to base 15
-3
Convert 3 (base 12) to base 11.
3
11 (base 3) to base 10
4
-12 (base 7) to base 10
-9
What is 1 (base 10) in base 9?
1
What is -232 (base 4) in base 2?
-101110
Convert 3 (base 12) to base 8.
3
What is -2 (base 7) in base 12?
-2
Convert -146 (base 7) to base 3.
-10002
-5 (base 9) to base 12
-5
What is -27 (base 11) in base 5?
-104
What is -4 (base 14) in base 2?
-100
What is 1220 (base 3) in base 13?
3c
Convert -44 (base 12) to base 2.
-110100
What is 5 (base 7) in base 11?
5
-1003 (base 4) to base 13
-52
-21 (base 4) to base 6
-13
-43 (base 16) to base 9
-74
What is -4 (base 8) in base 9?
-4
What is 2 (base 4) in base 16?
2
Convert 123 (base 10) to base 15.
83
-212 (base 7) to base 6
-255
Convert -14 (base 7) to base 16.
-b
Convert -a1 (base 12) to base 15.
-81
1013 (base 4) to base 14
51
Convert -3 (base 14) to base 16.
-3
Convert -3 (base 10) to base 15.
-3
What is -22 (base 3) in base 10?
-8
What is -3 (base 11) in base 5?
-3
Convert 354 (base 6) to base 13.
ac
Convert 1100 (base 2) to base 3.
110
-57 (base 8) to base 10
-47
Convert -21 (base 3) to base 2.
-111
101001 (base 2) to base 8
51
Convert -3 (base 5) to base 7.
-3
What is 36 (base 12) in base 14?
30
What is 8 (base 14) in base 3?
22
Convert 1 (base 8) to base 4.
1
-8 (base 11) to base 9
-8
Convert -5 (base 14) to base 4.
-11
What is 8 (base 9) in base 2?
1000
What is 1111 (base 3) in base 4?
220
Convert -2 (base 16) to base 12.
-2
26 (base 10) to base 4
122
What is -47 (base 10) in base 2?
-101111
-7 (base 9) to base 14
-7
-111 (base 5) to base 9
-34
205 (base 11) to base 4
3313
Convert -41 (base 8) to base 14.
-25
Convert -22 (base 9) to base 5.
-40
0 (base 14) to base 16
0
What is -12 (base 4) in base 11?
-6
Convert -2 (base 4) to base 14.
-2
Convert -3 (base 7) to base 10.
-3
Convert 104 (base 9) to base 5.
320
What is 211 (base 3) in base 14?
18
Convert 4 (base 13) to base 7.
4
Convert 26 (base 10) to base 9.
28
What is -52 (base 14) in base 3?
-2200
Convert 42 (base 9) to base 6.
102
What is 29 (base 10) in base 13?
23
101 (base 2) to base 6
5
What is 9 (base 13) in base 2?
1001
Convert -121 (base 10) to base 3.
-11111
What is 62 (base 16) in base 8?
142
3 (base 4) to base 16
3
-110 (base 3) to base 10
-12
What is -2d (base 15) in base 16?
-2b
3012 (base 5) to base 11
318
Convert 1 (base 7) to base 14.
1
Convert 11 (base 7) to base 15.
8
What is 1 (base 15) in base 7?
1
What is -16 (base 11) in base 4?
-101
What is -7 (base 16) in base 12?
-7
Convert 1 (base 14) to base 9.
1
What is -1021 (base 4) in base 11?
-67
20 (base 6) to base 12
10
What is 3 (base 16) in base 10?
3
What is 2 (base 5) in base 8?
2
6 (base 16) to base 13
6
What is 0 (base 5) in base 11?
0
What is b (base 12) in base 15?
b
-1 (base 11) to base 14
-1
-8 (base 13) to base 10
-8
Convert 3 (base 15) to base 13.
3
Convert 35 (base 11) to base 10.
38
What is 206 (base 12) in base 7?
600
11202 (base 3) to base 10
128
1 (base 11) to base 4
1
1 (base 16) to base 11
1
Convert 1 (base 16) to base 11.
1
-1000 (base 4) to base 14
-48
Convert 8 (base 14) to base 13.
8
Convert -52 (base 7) to base 2.
-100101
Convert 33 (base 6) to base 3.
210
22 (base 3) to base 14
8
Convert -12 (base 4) to base 2.
-110
Convert 17 (base 11) to base 8.
22
What is -63 (base 13) in base 3?
-10000
What is 0 (base 4) in base 8?
0
20 (base 4) to base 9
8
Convert -2 (base 4) to base 16.
-2
What is 435 (base 6) in base 8?
247
6 (base 12) to base 14
6
-1 (base 14) to base 12
-1
-3 (base 6) to base 8
-3
What is -58 (base 16) in base 7?
-154
Convert -29 (base 10) to base 6.
-45
What is 12100 (base 3) in base 11?
121
Convert -1 (base 8) to base 11.
-1
-4 (base 11) to base 14
-4
What is -4 (base 14) in base 12?
-4
Convert a (base 15) to base 14.
a
Convert -a8 (base